{"id":157,"date":"2012-09-27T09:00:12","date_gmt":"2012-09-27T09:00:12","guid":{"rendered":"http:\/\/www.capenergie.fr\/catalogue3\/?page_id=157"},"modified":"2020-04-15T12:37:01","modified_gmt":"2020-04-15T10:37:01","slug":"support-a-integration","status":"publish","type":"page","link":"http:\/\/dev.capenergie.fr\/catalogue\/photovoltaique\/support-a-integration.html","title":{"rendered":"Distributeur support &#038; int\u00e9gration photovolta\u00efque"},"content":{"rendered":"<div  id=\"content-box2\">\n<p>Pour l&rsquo;<a href=\"\/\" title=\"installation de panneau photovoltaique\">installation de panneau photovoltaique<\/a> Cap Energie propose une gamme de solution compl\u00e8te allant du <a href=\"photovoltaique\/support-a-integration\/de-simone.html\" title=\"support de panneau solaire\">support de panneau solaire<\/a> sur mesure en aluminium permettant une <strong>inclinaison des panneaux  photovoltaiques<\/strong> optimale, au syst\u00e8me de <a href=\"\/catalogue\/photovoltaique\/panneaux-photovoltaiques\/solar-fabrik.html\" title=\"support panneaux photovoltaique 100 % int\u00e9gr\u00e9s\">support panneaux photovoltaique 100 % int\u00e9gr\u00e9s<\/a>, dit solrif ou tuile solaire \u00e9ligible \u00e0 la subvention panneaux photovoltaiques (prime d&rsquo;int\u00e9gration).<br \/>\nL&rsquo;installation d&rsquo;un panneau solaire photovoltaique, sur toiture traditionnelle, plate ou toit terrasse, en brise soleil ou au sol est optimis\u00e9e en terme de rendement d\u00e9s lors que le <a href=\"photovoltaique\/support-a-integration\/renusol.html\" title=\"support panneau solaire\">support panneau solaire<\/a> est \u00e9tudi\u00e9 en fonction des diff\u00e9rentes contraintes sur le terrain : Zone de masque, exposition, inclinaison de la toiture&#8230;<br \/>Cap Energie garantie une solution de pose de panneaux photovoltaique pour toute configuration !<\/p>\n<\/div>\n<p><?php\nglobal $post;\n\/\/ showposts: nombre d'article affich\u00e9\n\/\/ category: l'id de la cat\u00e9gorie\n$postslist = get_posts('showposts=99&#038;category=12&#038;order=DESC&#038;orderby=date');\nforeach($postslist as $post) :\nsetup_postdata($post);\n?><\/p>\n<div class=\"extrait-article\">\n<h2><a href=\"<?php the_permalink() ?>\u00a0\u00bb rel=\u00a0\u00bbbookmark\u00a0\u00bb title=\u00a0\u00bb<?php the_title_attribute(); ?>\u00ab\u00a0><?php the_title(); ?><\/a><\/h2>\n<p>    <?php the_excerpt(); ?><\/p>\n<div id=\"butt\" class=\"butt-prod1\" align=\"center\"><a href=\"<?php the_permalink() ?>\u00a0\u00bb rel=\u00a0\u00bbbookmark\u00a0\u00bb title=\u00a0\u00bb<?php the_title_attribute(); ?>\u00ab\u00a0>Lire la suite<\/a><\/div>\n<\/div>\n<p><?php endforeach; ?><\/p>\n","protected":false},"excerpt":{"rendered":"<p>Pour l&rsquo;installation de panneau photovoltaique Cap Energie propose une gamme de solution compl\u00e8te allant du support de panneau solaire sur mesure en aluminium permettant une inclinaison des panneaux photovoltaiques optimale, au syst\u00e8me de support panneaux photovoltaique 100 % int\u00e9gr\u00e9s, dit solrif ou tuile solaire \u00e9ligible \u00e0 la subvention panneaux photovoltaiques (prime d&rsquo;int\u00e9gration). L&rsquo;installation d&rsquo;un panneau [&hellip;]<\/p>\n","protected":false},"author":1,"featured_media":0,"parent":2,"menu_order":0,"comment_status":"closed","ping_status":"closed","template":"","meta":{"ngg_post_thumbnail":0,"footnotes":""},"class_list":["post-157","page","type-page","status-publish","hentry"],"yoast_head":"<!-- This site is optimized with the Yoast SEO plugin v26.8 - https:\/\/yoast.com\/product\/yoast-seo-wordpress\/ -->\n<title>Distributeur support &amp; int\u00e9gration photovolta\u00efque -<\/title>\n<meta name=\"robots\" content=\"noindex, follow, max-snippet:-1, max-image-preview:large, max-video-preview:-1\" \/>\n<meta property=\"og:locale\" content=\"fr_FR\" \/>\n<meta property=\"og:type\" content=\"article\" \/>\n<meta property=\"og:title\" content=\"Distributeur support &amp; int\u00e9gration photovolta\u00efque -\" \/>\n<meta property=\"og:description\" content=\"Pour l&rsquo;installation de panneau photovoltaique Cap Energie propose une gamme de solution compl\u00e8te allant du support de panneau solaire sur mesure en aluminium permettant une inclinaison des panneaux photovoltaiques optimale, au syst\u00e8me de support panneaux photovoltaique 100 % int\u00e9gr\u00e9s, dit solrif ou tuile solaire \u00e9ligible \u00e0 la subvention panneaux photovoltaiques (prime d&rsquo;int\u00e9gration). L&rsquo;installation d&rsquo;un panneau [&hellip;]\" \/>\n<meta property=\"og:url\" content=\"http:\/\/dev.capenergie.fr\/catalogue\/photovoltaique\/support-a-integration.html\" \/>\n<meta property=\"article:modified_time\" content=\"2020-04-15T10:37:01+00:00\" \/>\n<meta name=\"twitter:label1\" content=\"Dur\u00e9e de lecture estim\u00e9e\" \/>\n\t<meta name=\"twitter:data1\" content=\"1 minute\" \/>\n<script type=\"application\/ld+json\" class=\"yoast-schema-graph\">{\"@context\":\"https:\/\/schema.org\",\"@graph\":[{\"@type\":\"WebPage\",\"@id\":\"http:\/\/dev.capenergie.fr\/catalogue\/photovoltaique\/support-a-integration.html\",\"url\":\"http:\/\/dev.capenergie.fr\/catalogue\/photovoltaique\/support-a-integration.html\",\"name\":\"Distributeur support & int\u00e9gration photovolta\u00efque -\",\"isPartOf\":{\"@id\":\"http:\/\/dev.capenergie.fr\/catalogue\/#website\"},\"datePublished\":\"2012-09-27T09:00:12+00:00\",\"dateModified\":\"2020-04-15T10:37:01+00:00\",\"breadcrumb\":{\"@id\":\"http:\/\/dev.capenergie.fr\/catalogue\/photovoltaique\/support-a-integration.html#breadcrumb\"},\"inLanguage\":\"fr-FR\",\"potentialAction\":[{\"@type\":\"ReadAction\",\"target\":[\"http:\/\/dev.capenergie.fr\/catalogue\/photovoltaique\/support-a-integration.html\"]}]},{\"@type\":\"BreadcrumbList\",\"@id\":\"http:\/\/dev.capenergie.fr\/catalogue\/photovoltaique\/support-a-integration.html#breadcrumb\",\"itemListElement\":[{\"@type\":\"ListItem\",\"position\":1,\"name\":\"Accueil\",\"item\":\"http:\/\/dev.capenergie.fr\/catalogue\/\"},{\"@type\":\"ListItem\",\"position\":2,\"name\":\"Distributeur Photovolta\u00efque\",\"item\":\"http:\/\/dev.capenergie.fr\/catalogue\/photovoltaique.html\"},{\"@type\":\"ListItem\",\"position\":3,\"name\":\"Distributeur support &#038; int\u00e9gration photovolta\u00efque\"}]},{\"@type\":\"WebSite\",\"@id\":\"http:\/\/dev.capenergie.fr\/catalogue\/#website\",\"url\":\"http:\/\/dev.capenergie.fr\/catalogue\/\",\"name\":\"\",\"description\":\"\",\"potentialAction\":[{\"@type\":\"SearchAction\",\"target\":{\"@type\":\"EntryPoint\",\"urlTemplate\":\"http:\/\/dev.capenergie.fr\/catalogue\/?s={search_term_string}\"},\"query-input\":{\"@type\":\"PropertyValueSpecification\",\"valueRequired\":true,\"valueName\":\"search_term_string\"}}],\"inLanguage\":\"fr-FR\"}]}<\/script>\n<!-- \/ Yoast SEO plugin. -->","yoast_head_json":{"title":"Distributeur support & int\u00e9gration photovolta\u00efque -","robots":{"index":"noindex","follow":"follow","max-snippet":"max-snippet:-1","max-image-preview":"max-image-preview:large","max-video-preview":"max-video-preview:-1"},"og_locale":"fr_FR","og_type":"article","og_title":"Distributeur support & int\u00e9gration photovolta\u00efque -","og_description":"Pour l&rsquo;installation de panneau photovoltaique Cap Energie propose une gamme de solution compl\u00e8te allant du support de panneau solaire sur mesure en aluminium permettant une inclinaison des panneaux photovoltaiques optimale, au syst\u00e8me de support panneaux photovoltaique 100 % int\u00e9gr\u00e9s, dit solrif ou tuile solaire \u00e9ligible \u00e0 la subvention panneaux photovoltaiques (prime d&rsquo;int\u00e9gration). L&rsquo;installation d&rsquo;un panneau [&hellip;]","og_url":"http:\/\/dev.capenergie.fr\/catalogue\/photovoltaique\/support-a-integration.html","article_modified_time":"2020-04-15T10:37:01+00:00","twitter_misc":{"Dur\u00e9e de lecture estim\u00e9e":"1 minute"},"schema":{"@context":"https:\/\/schema.org","@graph":[{"@type":"WebPage","@id":"http:\/\/dev.capenergie.fr\/catalogue\/photovoltaique\/support-a-integration.html","url":"http:\/\/dev.capenergie.fr\/catalogue\/photovoltaique\/support-a-integration.html","name":"Distributeur support & int\u00e9gration photovolta\u00efque -","isPartOf":{"@id":"http:\/\/dev.capenergie.fr\/catalogue\/#website"},"datePublished":"2012-09-27T09:00:12+00:00","dateModified":"2020-04-15T10:37:01+00:00","breadcrumb":{"@id":"http:\/\/dev.capenergie.fr\/catalogue\/photovoltaique\/support-a-integration.html#breadcrumb"},"inLanguage":"fr-FR","potentialAction":[{"@type":"ReadAction","target":["http:\/\/dev.capenergie.fr\/catalogue\/photovoltaique\/support-a-integration.html"]}]},{"@type":"BreadcrumbList","@id":"http:\/\/dev.capenergie.fr\/catalogue\/photovoltaique\/support-a-integration.html#breadcrumb","itemListElement":[{"@type":"ListItem","position":1,"name":"Accueil","item":"http:\/\/dev.capenergie.fr\/catalogue\/"},{"@type":"ListItem","position":2,"name":"Distributeur Photovolta\u00efque","item":"http:\/\/dev.capenergie.fr\/catalogue\/photovoltaique.html"},{"@type":"ListItem","position":3,"name":"Distributeur support &#038; int\u00e9gration photovolta\u00efque"}]},{"@type":"WebSite","@id":"http:\/\/dev.capenergie.fr\/catalogue\/#website","url":"http:\/\/dev.capenergie.fr\/catalogue\/","name":"","description":"","potentialAction":[{"@type":"SearchAction","target":{"@type":"EntryPoint","urlTemplate":"http:\/\/dev.capenergie.fr\/catalogue\/?s={search_term_string}"},"query-input":{"@type":"PropertyValueSpecification","valueRequired":true,"valueName":"search_term_string"}}],"inLanguage":"fr-FR"}]}},"_links":{"self":[{"href":"http:\/\/dev.capenergie.fr\/catalogue\/wp-json\/wp\/v2\/pages\/157","targetHints":{"allow":["GET"]}}],"collection":[{"href":"http:\/\/dev.capenergie.fr\/catalogue\/wp-json\/wp\/v2\/pages"}],"about":[{"href":"http:\/\/dev.capenergie.fr\/catalogue\/wp-json\/wp\/v2\/types\/page"}],"author":[{"embeddable":true,"href":"http:\/\/dev.capenergie.fr\/catalogue\/wp-json\/wp\/v2\/users\/1"}],"replies":[{"embeddable":true,"href":"http:\/\/dev.capenergie.fr\/catalogue\/wp-json\/wp\/v2\/comments?post=157"}],"version-history":[{"count":11,"href":"http:\/\/dev.capenergie.fr\/catalogue\/wp-json\/wp\/v2\/pages\/157\/revisions"}],"predecessor-version":[{"id":4292,"href":"http:\/\/dev.capenergie.fr\/catalogue\/wp-json\/wp\/v2\/pages\/157\/revisions\/4292"}],"up":[{"embeddable":true,"href":"http:\/\/dev.capenergie.fr\/catalogue\/wp-json\/wp\/v2\/pages\/2"}],"wp:attachment":[{"href":"http:\/\/dev.capenergie.fr\/catalogue\/wp-json\/wp\/v2\/media?parent=157"}],"curies":[{"name":"wp","href":"https:\/\/api.w.org\/{rel}","templated":true}]}}