{"id":160,"date":"2012-09-27T09:02:07","date_gmt":"2012-09-27T09:02:07","guid":{"rendered":"http:\/\/www.capenergie.fr\/catalogue3\/?page_id=160"},"modified":"2017-04-12T17:44:59","modified_gmt":"2017-04-12T15:44:59","slug":"accessoires-photovoltaiques","status":"publish","type":"page","link":"http:\/\/dev.capenergie.fr\/catalogue\/photovoltaique\/accessoires-photovoltaiques.html","title":{"rendered":"Distributeur d&rsquo;accessoires photovoltaiques"},"content":{"rendered":"<p><img decoding=\"async\" alt=\"distributeur panneau photovoltaique sharp\" src=\"http:\/\/images.capenergie.fr\/produit\/photovoltaique\/accessoire-photovoltaique.jpg\" class=\"alignleft\" width=\"125\" height=\"125\" \/><\/p>\n<p><strong>Cap Energie officiellement <a href=\"\/catalogue\/photovoltaique.html\" title=\"distributeur de mc3 &amp; mc4\">distributeur de mc3 &amp; mc4<\/a> Multicontact, Sun Eye de Solmetric,silec cable solaire&#8230;qui compose la gamme accessoires photovolta\u00efques.<\/strong><br \/>\n  Pour l&rsquo;<strong>installation de panneau photovoltaique<\/strong> Cap Energie propose une gamme sp\u00e9cifique d&rsquo;accessoires et d&rsquo;outillage professionnel : <br \/>\nL&rsquo;appareil de mesure <a href=\"pdf\/doc-accessoires\/Solmetric210_Web.pdf\" title=\"Sun eye\">Sun eye<\/a> de Solmetric, du C\u00e2ble solaire , des raccords Multi contact <a href=\"pdf\/doc-accessoires\/Multi-contact.pdf\" title=\"MC3\">MC3<\/a> ou <a href=\"pdf\/doc-accessoires\/Multi-contact.pdf\" title=\"MC4\">MC4<\/a>, des coffret AC et DC 3Kw&#8230;<br \/>\nLes <strong>installateurs photovolta\u00efque<\/strong>, thermique et l&rsquo;ensemble des<strong> professionnels des \u00e9nergies renouvelable<\/strong> b\u00e9n\u00e9ficie d&rsquo;une rubrique g\u00e9n\u00e9raliste d&rsquo;outillage et accessoire de chantier pour \u00e9quiper leurs techniciens.<\/p>\n<div>&nbsp;<\/div>\n<table id=\"tab-list-prod\" width=\"100%%\" border=\"0\">\n<tr>\n<td>\n<h2>Solmetric<\/h2>\n<\/td>\n<\/tr>\n<tr id=\"rang-prod\">\n<td>\n<h3>Sun Eye 210<\/h3>\n<p><img decoding=\"async\" src=\"http:\/\/images.capenergie.fr\/produit\/photovoltaique\/accessoire\/solmetric.png\" class=\"img-product-list\" alt=\"accessoires photovoltaique\" width=\"100\" height=\"90\"><\/p>\n<p>Outil portatif int\u00e9gr\u00e9 pour l\u2019\u00e9valuation d\u2019un site solaire et l\u2019analyse des ombres port\u00e9es.<\/p>\n<div class=\"separator-orange\"><\/div>\n<p>    <a href=\"http:\/\/pdf.capenergie.fr\/doc-accessoires\/Solmetric210_Web.pdf\" title=\"Sun Eye 210\" target=\"_blank\"><\/p>\n<div id=\"doc-pdf\"><\/div>\n<p>Documentation technique<\/a><\/td>\n<\/tr>\n<tr>\n<td>\n<h2>Multi-Contact<\/h2>\n<\/td>\n<\/tr>\n<tr id=\"rang-prod\">\n<td>\n<h3>MC3 &amp; MC4<\/h3>\n<p><img decoding=\"async\" src=\"http:\/\/images.capenergie.fr\/produit\/photovoltaique\/accessoire\/multi-contact.png\" class=\"img-product-list\" alt=\"accessoires photovoltaique\" width=\"100\" height=\"90\"><\/p>\n<p>Syst\u00e8me de connexion pour panneau photovolta\u00efque de diam\u00e8tre 3mm et 4mm.<\/p>\n<div class=\"separator-orange\"><\/div>\n<p>    <a href=\"http:\/\/pdf.capenergie.fr\/doc-accessoires\/Multi-contact.pdf\" title=\"multicontact\" target=\"_blank\"><\/p>\n<div id=\"doc-pdf\"><\/div>\n<p>Documentation technique<\/a><\/td>\n<\/tr>\n<tr>\n<td>\n<h2>RiCo<\/h2>\n<\/td>\n<\/tr>\n<tr id=\"rang-prod\">\n<td>\n<h3>Afficheur de Production<\/h3>\n<p><img loading=\"lazy\" decoding=\"async\" src=\"http:\/\/images.capenergie.fr\/produit\/photovoltaique\/accessoire\/rico.png\" class=\"img-product-list\" alt=\"afficheur rico \" width=\"100\" height=\"90\"><\/p>\n<p>Gamme compl\u00e8te d&rsquo;afficheurs de production pour installation photovolta\u00efque de marque RiCO.<\/p>\n<div class=\"separator-orange\"><\/div>\n<p>    <a href=\"http:\/\/pdf.capenergie.fr\/doc-accessoires\/RiCo_GA1453.pdf\" title=\"Rico GA-1453\" target=\"_blank\"><\/p>\n<div id=\"doc-pdf\"><\/div>\n<p>Documentation technique GA-1453<\/a><\/p>\n<p>&nbsp;<\/p>\n<p>    <a href=\"http:\/\/pdf.capenergie.fr\/doc-accessoires\/RiCo_GA2100si.pdf\" title=\"RiCo GA2100si\" target=\"_blank\"><\/p>\n<div id=\"doc-pdf\"><\/div>\n<p>Documentation technique GA2100si<\/a><\/p>\n<p>&nbsp;<\/p>\n<p>    <a href=\"http:\/\/pdf.capenergie.fr\/doc-accessoires\/RiCo_GA2503si.pdf\" title=\"RiCo GA2503si\" target=\"_blank\"><\/p>\n<div id=\"doc-pdf\"><\/div>\n<p>Documentation technique GA2503si<\/a><\/p>\n<p>&nbsp;<\/p>\n<p>    <a href=\"http:\/\/pdf.capenergie.fr\/doc-accessoires\/RiCo_GA2603si.pdf\" title=\"RiCo GA2603si\" target=\"_blank\"><\/p>\n<div id=\"doc-pdf\"><\/div>\n<p>Documentation technique GA2603si<\/a><\/p>\n<\/td>\n<\/tr>\n<tr>\n<td>\n<h2>\u00d6lflex<\/h2>\n<\/td>\n<\/tr>\n<tr id=\"rang-prod\">\n<td>\n<h3>C\u00e2ble solaire<\/h3>\n<p><img loading=\"lazy\" decoding=\"async\" src=\"http:\/\/images.capenergie.fr\/produit\/photovoltaique\/accessoire\/olflex.png\" class=\"img-product-list\" alt=\"c\u00e2ble solaire Olflex\" width=\"100\" height=\"90\"><\/p>\n<p>Gamme de c\u00e2bles solaires r\u00e9ticul\u00e9s Olflex de Lapp Group r\u00e9sistant \u00e0 tout type de contrainte comme la chaleur, l&rsquo;abrasion, les UV, les intemp\u00e9ries.<\/p>\n<div class=\"separator-orange\"><\/div>\n<p>    <a href=\"http:\/\/pdf.capenergie.fr\/doc-accessoires\/cable-OLFLEX_XL.pdf\" title=\"c\u00e2ble solaire XL\" target=\"_blank\"><\/p>\n<div id=\"doc-pdf\"><\/div>\n<p>Documentation technique c\u00e2ble solaire XL<\/a><\/p>\n<p>&nbsp;<\/p>\n<p>    <a href=\"http:\/\/pdf.capenergie.fr\/doc-accessoires\/cable-OLFLEX_XLR.pdf\" title=\"c\u00e2ble solaire XLR\" target=\"_blank\"><\/p>\n<div id=\"doc-pdf\"><\/div>\n<p>Documentation technique c\u00e2ble solaire XLR<\/a><\/p>\n<p>&nbsp;<\/p>\n<p>    <a href=\"http:\/\/pdf.capenergie.fr\/doc-accessoires\/cable-OLFLEX_XLS.pdf\" title=\"c\u00e2ble solaire XLS\" target=\"_blank\"><\/p>\n<div id=\"doc-pdf\"><\/div>\n<p>Documentation technique c\u00e2ble solaire XLS<\/a><\/p>\n<\/td>\n<\/tr>\n<tr>\n<td>\n<h2>Silec<\/h2>\n<\/td>\n<\/tr>\n<tr id=\"rang-prod\">\n<td>\n<h3>C\u00e2ble solaire<\/h3>\n<p><img loading=\"lazy\" decoding=\"async\" src=\"http:\/\/images.capenergie.fr\/produit\/photovoltaique\/accessoire\/silec.png\" class=\"img-product-list\" alt=\"silec cable solaire\" width=\"100\" height=\"90\"><\/p>\n<p>Gamme de c\u00e2bles solaires unipolaires de 1,5 \u00e0 630mm\u00b2 sans halog\u00e8ne r\u00e9sistant \u00e0 tout type de contrainte.<\/p>\n<div class=\"separator-orange\"><\/div>\n<\/p>\n<p>    <a href=\"http:\/\/pdf.capenergie.fr\/doc-accessoires\/cable-silec.pdf\" title=\"C\u00e2ble solaire silec\" target=\"_blank\"><\/p>\n<div id=\"doc-pdf\"><\/div>\n<p>Documentation technique<\/a><\/p>\n<p>&nbsp;<\/p>\n<p>    <a href=\"http:\/\/pdf.capenergie.fr\/doc-accessoires\/cable-silec-Exzhellent.pdf\" title=\"C\u00e2ble solaire silec\" target=\"_blank\"><\/p>\n<div id=\"doc-pdf\"><\/div>\n<p>Documentation technique c\u00e2ble GC EXZHELLENT-SOLAR ZZ-F<\/a><\/p>\n<p>&nbsp;<\/p>\n<p>    <a href=\"http:\/\/pdf.capenergie.fr\/doc-accessoires\/cable-silec-Exzhellent-brochure.pdf\" title=\"C\u00e2ble solaire silec\" target=\"_blank\"><\/p>\n<div id=\"doc-pdf\"><\/div>\n<p>Brochure c\u00e2ble GC EXZHELLENT-SOLAR ZZ-F<\/a><\/td>\n<\/tr>\n<tr>\n<td>\n<h2>Protection \u00e9lectrique<\/h2>\n<\/td>\n<\/tr>\n<tr>\n<td>\n<h3>Coffret<\/h3>\n<p><img loading=\"lazy\" decoding=\"async\" src=\"http:\/\/images.capenergie.fr\/produit\/photovoltaique\/accessoire\/coffret.png\" class=\"img-product-list\" alt=\"coffret protection photovoltaique\" width=\"100\" height=\"90\"><\/p>\n<p>Gamme de coffret de protection AC et DC 3kw et coffret Plexo Legrand<\/p>\n<div class=\"separator-orange\"><\/div>\n<p>      <a href=\"http:\/\/pdf.capenergie.fr\/doc-accessoires\/coffret_AC_3_KW.pdf\" title=\"coffret protection installation photovoltaique\" target=\"_blank\"><\/p>\n<div id=\"doc-pdf\"><\/div>\n<p>Documentation technique Coffret AC 3Kw<\/a><\/p>\n<p>&nbsp;<\/p>\n<p>        <a href=\"http:\/\/pdf.capenergie.fr\/doc-accessoires\/coffret_dc_3kw.pdf\" title=\"coffret protection installation photovoltaique\" target=\"_blank\"><\/p>\n<div id=\"doc-pdf\"><\/div>\n<p>Documentation technique Coffret DC 3Kw<\/a><\/p>\n<p>&nbsp;<\/p>\n<p>          <a href=\"http:\/\/pdf.capenergie.fr\/doc-accessoires\/Coffret-dc_double-trackers.pdf\" title=\"coffret protection installation photovoltaique\" target=\"_blank\"><\/p>\n<div id=\"doc-pdf\"><\/div>\n<p>Documentation technique Coffret DC 3Kw double trackers<\/a><\/p>\n<p>&nbsp;<\/p>\n<p>            <a href=\"http:\/\/pdf.capenergie.fr\/doc-accessoires\/coffret_Plexo3.pdf\" title=\"coffret protection installation photovoltaique\" target=\"_blank\"><\/p>\n<div id=\"doc-pdf\"><\/div>\n<p>Documentation technique Coffret PLEXO<\/a><\/p>\n<\/td>\n<\/tr>\n<tr id=\"rang-prod\">\n<td>\n<h3>Composants<\/h3>\n<p><img loading=\"lazy\" decoding=\"async\" src=\"http:\/\/images.capenergie.fr\/produit\/photovoltaique\/accessoire\/composant-elec.png\" class=\"img-product-list\" alt=\"protection photovoltaique\" width=\"100\" height=\"90\"><\/p>\n<p>Gamme de Protection Legrand pour installation photovolta\u00efque.<\/p>\n<div class=\"separator-orange\"><\/div>\n<p>   \t\t  <a href=\"http:\/\/pdf.capenergie.fr\/doc-accessoires\/disjoncteur.pdf\" title=\"protection photovoltaique\" target=\"_blank\"><\/p>\n<div id=\"doc-pdf\"><\/div>\n<p>Documentation Disjoncteurs diff\u00e9rentiels LEGRAND DNX 4500<\/a><\/p>\n<p>&nbsp;<\/p>\n<p>           <a href=\"http:\/\/pdf.capenergie.fr\/doc-accessoires\/interrupteur-differentiel.pdf\" title=\"protection photovoltaique\" target=\"_blank\"><\/p>\n<div id=\"doc-pdf\"><\/div>\n<p>Documentation Interrupteur diff\u00e9rentiels LEGRAND DX<\/a><\/p>\n<p>&nbsp;<\/p>\n<p>            <a href=\"http:\/\/pdf.capenergie.fr\/doc-accessoires\/Protection-antisurtension.pdf\" title=\"protection photovoltaique\" target=\"_blank\"><\/p>\n<div id=\"doc-pdf\"><\/div>\n<p>Documentation Protection Antisurtension PHOENIX CONTACT VAL MS 230<\/a><\/td>\n<\/tr>\n<\/table>\n","protected":false},"excerpt":{"rendered":"<p>Cap Energie officiellement distributeur de mc3 &amp; mc4 Multicontact, Sun Eye de Solmetric,silec cable solaire&#8230;qui compose la gamme accessoires photovolta\u00efques. Pour l&rsquo;installation de panneau photovoltaique Cap Energie propose une gamme sp\u00e9cifique d&rsquo;accessoires et d&rsquo;outillage professionnel : L&rsquo;appareil de mesure Sun eye de Solmetric, du C\u00e2ble solaire , des raccords Multi contact MC3 ou MC4, des [&hellip;]<\/p>\n","protected":false},"author":1,"featured_media":0,"parent":2,"menu_order":0,"comment_status":"closed","ping_status":"closed","template":"","meta":{"ngg_post_thumbnail":0,"footnotes":""},"class_list":["post-160","page","type-page","status-publish","hentry"],"yoast_head":"<!-- This site is optimized with the Yoast SEO plugin v26.8 - https:\/\/yoast.com\/product\/yoast-seo-wordpress\/ -->\n<title>Distributeur Accessoires photovoltaiques - SUN EYE, MC3 MC4, SILEC<\/title>\n<meta name=\"description\" content=\"Cap Energie propose une gamme sp\u00e9cifique d&#039;accessoire photovoltaique et d&#039;outillage professionnel : L&#039;appareil de mesure sun eye de solmetric, du C\u00e2ble solaire , des raccords Multi contact MC3 ou MC4, des coffret AC et DC 3Kw\" \/>\n<meta name=\"robots\" content=\"noindex, follow, max-snippet:-1, max-image-preview:large, max-video-preview:-1\" \/>\n<meta property=\"og:locale\" content=\"fr_FR\" \/>\n<meta property=\"og:type\" content=\"article\" \/>\n<meta property=\"og:title\" content=\"Distributeur Accessoires photovoltaiques - SUN EYE, MC3 MC4, SILEC\" \/>\n<meta property=\"og:description\" content=\"Cap Energie propose une gamme sp\u00e9cifique d&#039;accessoire photovoltaique et d&#039;outillage professionnel : L&#039;appareil de mesure sun eye de solmetric, du C\u00e2ble solaire , des raccords Multi contact MC3 ou MC4, des coffret AC et DC 3Kw\" \/>\n<meta property=\"og:url\" content=\"http:\/\/dev.capenergie.fr\/catalogue\/photovoltaique\/accessoires-photovoltaiques.html\" \/>\n<meta property=\"article:modified_time\" content=\"2017-04-12T15:44:59+00:00\" \/>\n<meta property=\"og:image\" content=\"http:\/\/images.capenergie.fr\/produit\/photovoltaique\/accessoire-photovoltaique.jpg\" \/>\n<meta name=\"twitter:label1\" content=\"Dur\u00e9e de lecture estim\u00e9e\" \/>\n\t<meta name=\"twitter:data1\" content=\"2 minutes\" \/>\n<script type=\"application\/ld+json\" class=\"yoast-schema-graph\">{\"@context\":\"https:\/\/schema.org\",\"@graph\":[{\"@type\":\"WebPage\",\"@id\":\"http:\/\/dev.capenergie.fr\/catalogue\/photovoltaique\/accessoires-photovoltaiques.html\",\"url\":\"http:\/\/dev.capenergie.fr\/catalogue\/photovoltaique\/accessoires-photovoltaiques.html\",\"name\":\"Distributeur Accessoires photovoltaiques - SUN EYE, MC3 MC4, SILEC\",\"isPartOf\":{\"@id\":\"http:\/\/dev.capenergie.fr\/catalogue\/#website\"},\"primaryImageOfPage\":{\"@id\":\"http:\/\/dev.capenergie.fr\/catalogue\/photovoltaique\/accessoires-photovoltaiques.html#primaryimage\"},\"image\":{\"@id\":\"http:\/\/dev.capenergie.fr\/catalogue\/photovoltaique\/accessoires-photovoltaiques.html#primaryimage\"},\"thumbnailUrl\":\"http:\/\/images.capenergie.fr\/produit\/photovoltaique\/accessoire-photovoltaique.jpg\",\"datePublished\":\"2012-09-27T09:02:07+00:00\",\"dateModified\":\"2017-04-12T15:44:59+00:00\",\"description\":\"Cap Energie propose une gamme sp\u00e9cifique d'accessoire photovoltaique et d'outillage professionnel : L'appareil de mesure sun eye de solmetric, du C\u00e2ble solaire , des raccords Multi contact MC3 ou MC4, des coffret AC et DC 3Kw\",\"breadcrumb\":{\"@id\":\"http:\/\/dev.capenergie.fr\/catalogue\/photovoltaique\/accessoires-photovoltaiques.html#breadcrumb\"},\"inLanguage\":\"fr-FR\",\"potentialAction\":[{\"@type\":\"ReadAction\",\"target\":[\"http:\/\/dev.capenergie.fr\/catalogue\/photovoltaique\/accessoires-photovoltaiques.html\"]}]},{\"@type\":\"ImageObject\",\"inLanguage\":\"fr-FR\",\"@id\":\"http:\/\/dev.capenergie.fr\/catalogue\/photovoltaique\/accessoires-photovoltaiques.html#primaryimage\",\"url\":\"http:\/\/images.capenergie.fr\/produit\/photovoltaique\/accessoire-photovoltaique.jpg\",\"contentUrl\":\"http:\/\/images.capenergie.fr\/produit\/photovoltaique\/accessoire-photovoltaique.jpg\"},{\"@type\":\"BreadcrumbList\",\"@id\":\"http:\/\/dev.capenergie.fr\/catalogue\/photovoltaique\/accessoires-photovoltaiques.html#breadcrumb\",\"itemListElement\":[{\"@type\":\"ListItem\",\"position\":1,\"name\":\"Accueil\",\"item\":\"http:\/\/dev.capenergie.fr\/catalogue\/\"},{\"@type\":\"ListItem\",\"position\":2,\"name\":\"Distributeur Photovolta\u00efque\",\"item\":\"http:\/\/dev.capenergie.fr\/catalogue\/photovoltaique.html\"},{\"@type\":\"ListItem\",\"position\":3,\"name\":\"Distributeur d&rsquo;accessoires photovoltaiques\"}]},{\"@type\":\"WebSite\",\"@id\":\"http:\/\/dev.capenergie.fr\/catalogue\/#website\",\"url\":\"http:\/\/dev.capenergie.fr\/catalogue\/\",\"name\":\"\",\"description\":\"\",\"potentialAction\":[{\"@type\":\"SearchAction\",\"target\":{\"@type\":\"EntryPoint\",\"urlTemplate\":\"http:\/\/dev.capenergie.fr\/catalogue\/?s={search_term_string}\"},\"query-input\":{\"@type\":\"PropertyValueSpecification\",\"valueRequired\":true,\"valueName\":\"search_term_string\"}}],\"inLanguage\":\"fr-FR\"}]}<\/script>\n<!-- \/ Yoast SEO plugin. -->","yoast_head_json":{"title":"Distributeur Accessoires photovoltaiques - SUN EYE, MC3 MC4, SILEC","description":"Cap Energie propose une gamme sp\u00e9cifique d'accessoire photovoltaique et d'outillage professionnel : L'appareil de mesure sun eye de solmetric, du C\u00e2ble solaire , des raccords Multi contact MC3 ou MC4, des coffret AC et DC 3Kw","robots":{"index":"noindex","follow":"follow","max-snippet":"max-snippet:-1","max-image-preview":"max-image-preview:large","max-video-preview":"max-video-preview:-1"},"og_locale":"fr_FR","og_type":"article","og_title":"Distributeur Accessoires photovoltaiques - SUN EYE, MC3 MC4, SILEC","og_description":"Cap Energie propose une gamme sp\u00e9cifique d'accessoire photovoltaique et d'outillage professionnel : L'appareil de mesure sun eye de solmetric, du C\u00e2ble solaire , des raccords Multi contact MC3 ou MC4, des coffret AC et DC 3Kw","og_url":"http:\/\/dev.capenergie.fr\/catalogue\/photovoltaique\/accessoires-photovoltaiques.html","article_modified_time":"2017-04-12T15:44:59+00:00","og_image":[{"url":"http:\/\/images.capenergie.fr\/produit\/photovoltaique\/accessoire-photovoltaique.jpg","type":"","width":"","height":""}],"twitter_misc":{"Dur\u00e9e de lecture estim\u00e9e":"2 minutes"},"schema":{"@context":"https:\/\/schema.org","@graph":[{"@type":"WebPage","@id":"http:\/\/dev.capenergie.fr\/catalogue\/photovoltaique\/accessoires-photovoltaiques.html","url":"http:\/\/dev.capenergie.fr\/catalogue\/photovoltaique\/accessoires-photovoltaiques.html","name":"Distributeur Accessoires photovoltaiques - SUN EYE, MC3 MC4, SILEC","isPartOf":{"@id":"http:\/\/dev.capenergie.fr\/catalogue\/#website"},"primaryImageOfPage":{"@id":"http:\/\/dev.capenergie.fr\/catalogue\/photovoltaique\/accessoires-photovoltaiques.html#primaryimage"},"image":{"@id":"http:\/\/dev.capenergie.fr\/catalogue\/photovoltaique\/accessoires-photovoltaiques.html#primaryimage"},"thumbnailUrl":"http:\/\/images.capenergie.fr\/produit\/photovoltaique\/accessoire-photovoltaique.jpg","datePublished":"2012-09-27T09:02:07+00:00","dateModified":"2017-04-12T15:44:59+00:00","description":"Cap Energie propose une gamme sp\u00e9cifique d'accessoire photovoltaique et d'outillage professionnel : L'appareil de mesure sun eye de solmetric, du C\u00e2ble solaire , des raccords Multi contact MC3 ou MC4, des coffret AC et DC 3Kw","breadcrumb":{"@id":"http:\/\/dev.capenergie.fr\/catalogue\/photovoltaique\/accessoires-photovoltaiques.html#breadcrumb"},"inLanguage":"fr-FR","potentialAction":[{"@type":"ReadAction","target":["http:\/\/dev.capenergie.fr\/catalogue\/photovoltaique\/accessoires-photovoltaiques.html"]}]},{"@type":"ImageObject","inLanguage":"fr-FR","@id":"http:\/\/dev.capenergie.fr\/catalogue\/photovoltaique\/accessoires-photovoltaiques.html#primaryimage","url":"http:\/\/images.capenergie.fr\/produit\/photovoltaique\/accessoire-photovoltaique.jpg","contentUrl":"http:\/\/images.capenergie.fr\/produit\/photovoltaique\/accessoire-photovoltaique.jpg"},{"@type":"BreadcrumbList","@id":"http:\/\/dev.capenergie.fr\/catalogue\/photovoltaique\/accessoires-photovoltaiques.html#breadcrumb","itemListElement":[{"@type":"ListItem","position":1,"name":"Accueil","item":"http:\/\/dev.capenergie.fr\/catalogue\/"},{"@type":"ListItem","position":2,"name":"Distributeur Photovolta\u00efque","item":"http:\/\/dev.capenergie.fr\/catalogue\/photovoltaique.html"},{"@type":"ListItem","position":3,"name":"Distributeur d&rsquo;accessoires photovoltaiques"}]},{"@type":"WebSite","@id":"http:\/\/dev.capenergie.fr\/catalogue\/#website","url":"http:\/\/dev.capenergie.fr\/catalogue\/","name":"","description":"","potentialAction":[{"@type":"SearchAction","target":{"@type":"EntryPoint","urlTemplate":"http:\/\/dev.capenergie.fr\/catalogue\/?s={search_term_string}"},"query-input":{"@type":"PropertyValueSpecification","valueRequired":true,"valueName":"search_term_string"}}],"inLanguage":"fr-FR"}]}},"_links":{"self":[{"href":"http:\/\/dev.capenergie.fr\/catalogue\/wp-json\/wp\/v2\/pages\/160","targetHints":{"allow":["GET"]}}],"collection":[{"href":"http:\/\/dev.capenergie.fr\/catalogue\/wp-json\/wp\/v2\/pages"}],"about":[{"href":"http:\/\/dev.capenergie.fr\/catalogue\/wp-json\/wp\/v2\/types\/page"}],"author":[{"embeddable":true,"href":"http:\/\/dev.capenergie.fr\/catalogue\/wp-json\/wp\/v2\/users\/1"}],"replies":[{"embeddable":true,"href":"http:\/\/dev.capenergie.fr\/catalogue\/wp-json\/wp\/v2\/comments?post=160"}],"version-history":[{"count":11,"href":"http:\/\/dev.capenergie.fr\/catalogue\/wp-json\/wp\/v2\/pages\/160\/revisions"}],"predecessor-version":[{"id":3043,"href":"http:\/\/dev.capenergie.fr\/catalogue\/wp-json\/wp\/v2\/pages\/160\/revisions\/3043"}],"up":[{"embeddable":true,"href":"http:\/\/dev.capenergie.fr\/catalogue\/wp-json\/wp\/v2\/pages\/2"}],"wp:attachment":[{"href":"http:\/\/dev.capenergie.fr\/catalogue\/wp-json\/wp\/v2\/media?parent=160"}],"curies":[{"name":"wp","href":"https:\/\/api.w.org\/{rel}","templated":true}]}}