{"id":4643,"date":"2021-09-15T11:33:28","date_gmt":"2021-09-15T09:33:28","guid":{"rendered":"http:\/\/www.capenergie.fr\/catalogue\/?page_id=4643"},"modified":"2021-09-22T10:37:32","modified_gmt":"2021-09-22T08:37:32","slug":"fronius-gen24-plus-stockage-byd","status":"publish","type":"page","link":"http:\/\/dev.capenergie.fr\/catalogue\/photovoltaique\/autoconsommation-photovoltaique\/fronius-gen24-plus-stockage-byd.html","title":{"rendered":"Fronius GEN24 plus Stockage BYD"},"content":{"rendered":"<p><img decoding=\"async\" alt=\"distributeur onduleur fronius\" src=\"http:\/\/images.capenergie.fr\/produit\/photovoltaique\/fronius\/fronius-gen-24-plus-v2.jpg\" class=\"alignleft\" width=\"100%\" \/><\/p>\n<p><strong>Cap Energie officiellement <a href=\"\/catalogue\/photovoltaique\/onduleurs.html\" title=\"distributeur d'Onduleur photovolta\u00efque fronius\">distributeur d&rsquo;Onduleur Fronius GEN 24 Plus avec stockage BYD<\/a> propose toute l&rsquo;ensemble de la gamme GEN 24 Plus Fronius fonctionnant avec ou sans batteries Li-ion<\/strong>.<br \/>\n  La solution compl\u00e8te onduleur GEN24 \/ BYD est compos\u00e9e de la gamme onduleur hybride Fronius GEN24 Plus polyvalent avec alimentation de secours int\u00e9gr\u00e9e et de la gamme batterie Li-ion Batterry-Box Premium.<br \/>\nFlexible, polyvalente et simple \u00e0 installer, la gamme Fronius GEN 24 Plus b\u00e9n\u00e9ficie d&rsquo;une conception unique sur le march\u00e9 de l&rsquo;onduleur photovolta\u00efque hybride. Pour une application photovolta\u00efque, de stockage, d&rsquo;alimentation de secours, de solutions de chauffage ou d&rsquo;e-mobilit\u00e9, la gamme Fronius GEN24 Plus offre un \u00e9ventail exceptionnel de possibilit\u00e9s. La gamme <a href=\"http:\/\/www.capenergie.fr\/catalogue\/photovoltaique\/autoconsommation-photovoltaique\/stockage-batterie-byd.html\" title=\"batterie Li-ion Batterry-Box Premium BYD\">batterie Li-ion Batterry-Box Premium BYD<\/a> compatible avec la gamme <strong>GEN 24 Plus Fronius<\/strong> offre une capacit\u00e9 de 5,1 \u00e0 22,1 kWh. (Attention, chaque r\u00e9f\u00e9rence GEN 24 est compatible \u00e0 une partie de la gamme batterie Li-ion Batterry-Box Premium BYD, voir tableau plus bas)<\/p>\n<h2> Applications Fronius GEN 24 Plus<br \/>\n<\/h2>\n<p><strong>&#8226; Onduleur photovolta\u00efque hybride autoconsommation<\/strong><br \/>\nDes onduleurs photovolta\u00efques   monophas\u00e9s  ou triphas\u00e9s totalement \u00e9quip\u00e9s, connect\u00e9s au r\u00e9seau \u00e9lectrique, pour toutes les tailles d\u2019installations PV  allant de 3 \u00e0 10 kW \u00e0 usage domestique adapt\u00e9 \u00e0 l\u2019autoconsommation.<strong><br \/>\n  &#8226; Stockage autoconsommation <\/strong>:<br \/>\nDes onduleurs photovolta\u00efques  \u00e9volutifs et flexible permettant d&rsquo;adopter ult\u00e9rieurement pour une solution de stockage Batterry-Box Premium BYD.<br \/>\n<strong>&#8226; Point PV<\/strong> :<br \/>\nLa gamme d&rsquo;onduleurs photovolta\u00efques  GEN 24 Plus est \u00e9quip\u00e9e d&rsquo;une alimentation de secours incorpor\u00e9e de s\u00e9rie. Sous forme de  prise \u00e9lectrique aliment\u00e9e en cas de panne de courant par le champ photovolta\u00efque. Ce syst\u00e8me de secours permet d&rsquo;alimenter des charges avec une puissance allant jusqu&rsquo;\u00e0  3 kW et offre une solution d&rsquo;alimentation de secours de type Back-Up \u00e0 co\u00fbt r\u00e9duit.<br \/>\n<strong>&#8226; Full Backup <\/strong>:<br \/>\nCette solution perfectionn\u00e9 d&rsquo;alimentation de secours est mis en oeuvre en association avec un syst\u00e8me de stockage batterie Li-ion Batterry-Box Premium BYD et alimente ainsi des charges monophas\u00e9es ou triphas\u00e9es, \u00e0 l&rsquo;image d&rsquo;un four \u00e9lectrique, une pompe \u00e0 chaleur&#8230;d\u00e8s que l&rsquo;\u00e9nergie disponible est ad\u00e9quate.<br \/>\n<strong>&#8226; Technologie Multi Flux <\/strong>:<br \/>\nOptimisation de l&rsquo;\u00e9nergie produite puisque les onduleurs Fronius GEN 24 sont dot\u00e9s de la technologie Multi Flux qui permet de contr\u00f4ler diff\u00e9rents flux d&rsquo;\u00e9nergie en parall\u00e8le et dans toutes les directions. Cette technologie permet une efficacit\u00e9 pouss\u00e9e au maximum avec les batteries coupl\u00e9es au DC, un couplage AC et DC avec int\u00e9gration dans une installation photovolta\u00efque existante, une alimentation de secours incorpor\u00e9e (Point PV) ainsi que le contr\u00f4le de la charge et de l&rsquo;utilisation des batteries.<br \/>\n<strong>&#8226; Production d&rsquo;eau chaude <\/strong>:<br \/>\nOptimisation de l&rsquo;autoconsommation en usage coupl\u00e9 avec Fronius Ohmpilot. Le Fronius Ohmpilot est un r\u00e9gulateur de consommation qui exploite l\u2019\u00e9nergie photovolta\u00efque en surplus pour la production d\u2019eau chaude sanitaire.<\/p>\n<p><iframe width=\"560\" height=\"315\" src=\"https:\/\/www.youtube.com\/embed\/fQ3dTXs3Q2U\" title=\"YouTube video player\" frameborder=\"0\" allow=\"accelerometer; autoplay; clipboard-write; encrypted-media; gyroscope; picture-in-picture\" allowfullscreen><\/iframe><\/p>\n<h2>Fiabilit\u00e9 et simplicit\u00e9 d&rsquo;installation<\/h2>\n<p>En raison du refroidissement actif, la gamme d&rsquo;onduleur Fronius GEN24 Plus offre une flexibilit\u00e9 accrue en termes de conception de solution et d&rsquo;installation d\u00e8s la p\u00e9riode de planification. La maintenance est limit\u00e9e voire nulle alors que la dur\u00e9e de vie est allong\u00e9e tout en offrant un rendement sup\u00e9rieur gr\u00e2ce \u00e0 des performances accrues favoris\u00e9es par le syst\u00e8me de refroidissement actif. La mise en service est r\u00e9alis\u00e9e via smartphone ou tablette \u00e0 l&rsquo;aide de Fronius Solar.start en uniquement trois \u00e9tapes. Les mises \u00e0 niveau sont r\u00e9alis\u00e9es \u00e0 tout moment \u00e0 l&rsquo;aide d&rsquo;une interface claire facilitant l&rsquo;incorporation de modules tiers \u00e0 l&rsquo;image des syst\u00e8mes domotiques.<\/p>\n<div style=\"width:100%\" align=\"center\"><img decoding=\"async\" style=\"max-width:450px; float:none\" alt=\"Fronius Fronius Solar.web\" src=\"http:\/\/images.capenergie.fr\/produit\/photovoltaique\/fronius\/fronius-solar-web-bubble-chart.gif\" class=\"alignleft\" width=\"100%\" \/><\/div>\n<div style=\"clear:both\"><\/div>\n<p> Un monitoring intelligent avec Solar.web qui permet le suivi, l&rsquo;analyse et la comparaison de diff\u00e9rents syst\u00e8mes PV sur  smartphone, tablette ou PC.<\/p>\n<h3>Vid\u00e9o du webinaire d&rsquo;installation<\/h3>\n<p><iframe width=\"560\" height=\"315\" src=\"https:\/\/www.youtube.com\/embed\/7ZBDwOQIHU0\" title=\"YouTube video player\" frameborder=\"0\" allow=\"accelerometer; autoplay; clipboard-write; encrypted-media; gyroscope; picture-in-picture\" allowfullscreen><\/iframe><\/p>\n<h3>Vid\u00e9o du syst\u00e8me de suivi  Solar.web<\/h3>\n<p><iframe width=\"560\" height=\"315\" src=\"https:\/\/www.youtube.com\/embed\/rSAV1kRUlLk\" title=\"YouTube video player\" frameborder=\"0\" allow=\"accelerometer; autoplay; clipboard-write; encrypted-media; gyroscope; picture-in-picture\" allowfullscreen><\/iframe><\/p>\n<h2>La gamme  Fronius GEN24<\/h2>\n<p><img decoding=\"async\" alt=\"distributeur onduleur Fronius Primo GEN24 Plus\" src=\"http:\/\/images.capenergie.fr\/produit\/photovoltaique\/fronius\/fronius-gen-24-plus-tableau.jpg\" class=\"alignleft\" width=\"100%\" \/><\/p>\n<h3>Fronius Primo GEN24 Plus<\/h3>\n<p>Onduleur photovolta\u00efque hybride monophas\u00e9 avec classe de puissance de 3 \u00e0 6 kW, 2 MPPT, avec une entr\u00e9e batterie et \u00e9quip\u00e9 de s\u00e9rie du syst\u00e8me PV point et Full Backup.<\/p>\n<h3>Fronius Symo GEN24 Plus 3-5<\/h3>\n<p>Onduleur photovolta\u00efque hybride monophas\u00e9 avec classe de puissance de 3 \u00e0 5 kW, 2 MPPT, avec une entr\u00e9e batterie et \u00e9quip\u00e9 de s\u00e9rie uniquement du syst\u00e8me PV point.<\/p>\n<h3>Fronius Symo GEN24 Plus 6-10<\/h3>\n<p>Onduleur photovolta\u00efque hybride monophas\u00e9 avec classe de puissance de 6 \u00e0 10 kW, 2 MPPT, avec une entr\u00e9e batterie et \u00e9quip\u00e9 de s\u00e9rie du syst\u00e8me PV point et Full Backup.<\/p>\n<h2>Stockage avec batterie Li-ion Batterry-Box Premium BYD<\/h2>\n<p>La  gamme <strong>onduleur hybride Fronius GEN24 Plus<\/strong> est compatible avec certaines batteries Li-ion Batterry-Box Premium BYD. En connexion simple ou interconnect\u00e9es pouvant etendre la capacit\u00e9 \u00e0 3 colonnes de batteries de 19.3 kWh pour atteindre 58 kWh. (Interconnexion maximale de 3 batteries de m\u00eame mod\u00e8le et m\u00eame capacit\u00e9).<\/p>\n<h2>Compatibilit\u00e9s des batteries BYD avec les Fronius GEN 24 plus<\/h2>\n<p><img decoding=\"async\" alt=\"Compatibilit\u00e9s des batteries BYD avec les Fronius GEN 24 plus\" src=\"http:\/\/images.capenergie.fr\/produit\/photovoltaique\/fronius\/fronius-gen-24-byd-compatibilite.jpg\" class=\"alignleft\" width=\"100%\" \/><\/p>\n<table id=\"tab-list-prod\" width=\"100%%\" border=\"0\">\n<tr>\n<td>\n<h2>FRONIUS GEN 24 Plus<\/h2>\n<\/td>\n<\/tr>\n<tr id=\"rang-prod\">\n<td>\n<h3>Documentation techniques \u00e0 t\u00e9l\u00e9charger<\/h3>\n<div class=\"separator-orange\"><\/div>\n<p>            <a href=\"http:\/\/pdf.capenergie.fr\/doc-onduleur\/fronius-presentation GEN24-Plus.pdf\" title=\"Presentation fonctionnalit\u00e9s Gen 24 Plus \/ batteries BYD\" target=\"_blank\" rel=\"noopener noreferrer\"><\/p>\n<div id=\"doc-pdf\"><\/div>\n<p>            Pr\u00e9sentation fonctionnalit\u00e9s Gen 24 Plus \/ batteries BYD<\/a>\n            <\/td>\n<\/tr>\n<tr id=\"rang-prod\">\n<td>\n<div class=\"separator-orange\"><\/div>\n<p>            <a href=\"http:\/\/pdf.capenergie.fr\/doc-onduleur\/fronius_primo_gen24_plus.pdf\" title=\"onduleur FRONIUS Primo Gen 24 Plus\" target=\"_blank\" rel=\"noopener noreferrer\"><\/p>\n<div id=\"doc-pdf\"><\/div>\n<p>            Fiche technique Fronius Primo Gen 24 Plus<\/a>\n            <\/td>\n<\/tr>\n<tr id=\"rang-prod\">\n<td>\n<div class=\"separator-orange\"><\/div>\n<p>            <a href=\"http:\/\/pdf.capenergie.fr\/doc-onduleur\/fronius_symo_gen24_plus.pdf\" title=\"onduleur FRONIUS Symo Gen 24 Plus\" target=\"_blank\" rel=\"noopener noreferrer\"><\/p>\n<div id=\"doc-pdf\"><\/div>\n<p>            Fiche technique Fronius Symo Gen 24 Plus<\/a>\n            <\/td>\n<\/tr>\n<\/table>\n","protected":false},"excerpt":{"rendered":"<p>Cap Energie officiellement distributeur d&rsquo;Onduleur Fronius GEN 24 Plus avec stockage BYD propose toute l&rsquo;ensemble de la gamme GEN 24 Plus Fronius fonctionnant avec ou sans batteries Li-ion. La solution compl\u00e8te onduleur GEN24 \/ BYD est compos\u00e9e de la gamme onduleur hybride Fronius GEN24 Plus polyvalent avec alimentation de secours int\u00e9gr\u00e9e et de la gamme [&hellip;]<\/p>\n","protected":false},"author":1,"featured_media":0,"parent":1305,"menu_order":0,"comment_status":"closed","ping_status":"closed","template":"","meta":{"ngg_post_thumbnail":0,"footnotes":""},"class_list":["post-4643","page","type-page","status-publish","hentry"],"yoast_head":"<!-- This site is optimized with the Yoast SEO plugin v26.8 - https:\/\/yoast.com\/product\/yoast-seo-wordpress\/ -->\n<title>Distributeur d&#039;onduleur Fronius GEN 24 plus avec stockage BYD<\/title>\n<meta name=\"description\" content=\"CapEnergie, distributeur d&#039;onduleur photovolta\u00efque Fronius GEN 24 plus avec stockage BYD de type onduleur hybride, propose des solutions\" \/>\n<meta name=\"robots\" content=\"noindex, follow, max-snippet:-1, max-image-preview:large, max-video-preview:-1\" \/>\n<meta property=\"og:locale\" content=\"fr_FR\" \/>\n<meta property=\"og:type\" content=\"article\" \/>\n<meta property=\"og:title\" content=\"Distributeur d&#039;onduleur Fronius GEN 24 plus avec stockage BYD\" \/>\n<meta property=\"og:description\" content=\"CapEnergie, distributeur d&#039;onduleur photovolta\u00efque Fronius GEN 24 plus avec stockage BYD de type onduleur hybride, propose des solutions\" \/>\n<meta property=\"og:url\" content=\"http:\/\/dev.capenergie.fr\/catalogue\/photovoltaique\/autoconsommation-photovoltaique\/fronius-gen24-plus-stockage-byd.html\" \/>\n<meta property=\"article:modified_time\" content=\"2021-09-22T08:37:32+00:00\" \/>\n<meta property=\"og:image\" content=\"http:\/\/images.capenergie.fr\/produit\/photovoltaique\/fronius\/fronius-gen-24-plus-v2.jpg\" \/>\n<meta name=\"twitter:label1\" content=\"Dur\u00e9e de lecture estim\u00e9e\" \/>\n\t<meta name=\"twitter:data1\" content=\"4 minutes\" \/>\n<script type=\"application\/ld+json\" class=\"yoast-schema-graph\">{\"@context\":\"https:\/\/schema.org\",\"@graph\":[{\"@type\":\"WebPage\",\"@id\":\"http:\/\/dev.capenergie.fr\/catalogue\/photovoltaique\/autoconsommation-photovoltaique\/fronius-gen24-plus-stockage-byd.html\",\"url\":\"http:\/\/dev.capenergie.fr\/catalogue\/photovoltaique\/autoconsommation-photovoltaique\/fronius-gen24-plus-stockage-byd.html\",\"name\":\"Distributeur d'onduleur Fronius GEN 24 plus avec stockage BYD\",\"isPartOf\":{\"@id\":\"http:\/\/dev.capenergie.fr\/catalogue\/#website\"},\"primaryImageOfPage\":{\"@id\":\"http:\/\/dev.capenergie.fr\/catalogue\/photovoltaique\/autoconsommation-photovoltaique\/fronius-gen24-plus-stockage-byd.html#primaryimage\"},\"image\":{\"@id\":\"http:\/\/dev.capenergie.fr\/catalogue\/photovoltaique\/autoconsommation-photovoltaique\/fronius-gen24-plus-stockage-byd.html#primaryimage\"},\"thumbnailUrl\":\"http:\/\/images.capenergie.fr\/produit\/photovoltaique\/fronius\/fronius-gen-24-plus-v2.jpg\",\"datePublished\":\"2021-09-15T09:33:28+00:00\",\"dateModified\":\"2021-09-22T08:37:32+00:00\",\"description\":\"CapEnergie, distributeur d'onduleur photovolta\u00efque Fronius GEN 24 plus avec stockage BYD de type onduleur hybride, propose des solutions\",\"breadcrumb\":{\"@id\":\"http:\/\/dev.capenergie.fr\/catalogue\/photovoltaique\/autoconsommation-photovoltaique\/fronius-gen24-plus-stockage-byd.html#breadcrumb\"},\"inLanguage\":\"fr-FR\",\"potentialAction\":[{\"@type\":\"ReadAction\",\"target\":[\"http:\/\/dev.capenergie.fr\/catalogue\/photovoltaique\/autoconsommation-photovoltaique\/fronius-gen24-plus-stockage-byd.html\"]}]},{\"@type\":\"ImageObject\",\"inLanguage\":\"fr-FR\",\"@id\":\"http:\/\/dev.capenergie.fr\/catalogue\/photovoltaique\/autoconsommation-photovoltaique\/fronius-gen24-plus-stockage-byd.html#primaryimage\",\"url\":\"http:\/\/images.capenergie.fr\/produit\/photovoltaique\/fronius\/fronius-gen-24-plus-v2.jpg\",\"contentUrl\":\"http:\/\/images.capenergie.fr\/produit\/photovoltaique\/fronius\/fronius-gen-24-plus-v2.jpg\"},{\"@type\":\"BreadcrumbList\",\"@id\":\"http:\/\/dev.capenergie.fr\/catalogue\/photovoltaique\/autoconsommation-photovoltaique\/fronius-gen24-plus-stockage-byd.html#breadcrumb\",\"itemListElement\":[{\"@type\":\"ListItem\",\"position\":1,\"name\":\"Accueil\",\"item\":\"http:\/\/dev.capenergie.fr\/catalogue\/\"},{\"@type\":\"ListItem\",\"position\":2,\"name\":\"Distributeur Photovolta\u00efque\",\"item\":\"http:\/\/dev.capenergie.fr\/catalogue\/photovoltaique.html\"},{\"@type\":\"ListItem\",\"position\":3,\"name\":\"Autoconsommation photovolta\u00efque\",\"item\":\"http:\/\/dev.capenergie.fr\/catalogue\/photovoltaique\/autoconsommation-photovoltaique.html\"},{\"@type\":\"ListItem\",\"position\":4,\"name\":\"Fronius GEN24 plus Stockage BYD\"}]},{\"@type\":\"WebSite\",\"@id\":\"http:\/\/dev.capenergie.fr\/catalogue\/#website\",\"url\":\"http:\/\/dev.capenergie.fr\/catalogue\/\",\"name\":\"\",\"description\":\"\",\"potentialAction\":[{\"@type\":\"SearchAction\",\"target\":{\"@type\":\"EntryPoint\",\"urlTemplate\":\"http:\/\/dev.capenergie.fr\/catalogue\/?s={search_term_string}\"},\"query-input\":{\"@type\":\"PropertyValueSpecification\",\"valueRequired\":true,\"valueName\":\"search_term_string\"}}],\"inLanguage\":\"fr-FR\"}]}<\/script>\n<!-- \/ Yoast SEO plugin. -->","yoast_head_json":{"title":"Distributeur d'onduleur Fronius GEN 24 plus avec stockage BYD","description":"CapEnergie, distributeur d'onduleur photovolta\u00efque Fronius GEN 24 plus avec stockage BYD de type onduleur hybride, propose des solutions","robots":{"index":"noindex","follow":"follow","max-snippet":"max-snippet:-1","max-image-preview":"max-image-preview:large","max-video-preview":"max-video-preview:-1"},"og_locale":"fr_FR","og_type":"article","og_title":"Distributeur d'onduleur Fronius GEN 24 plus avec stockage BYD","og_description":"CapEnergie, distributeur d'onduleur photovolta\u00efque Fronius GEN 24 plus avec stockage BYD de type onduleur hybride, propose des solutions","og_url":"http:\/\/dev.capenergie.fr\/catalogue\/photovoltaique\/autoconsommation-photovoltaique\/fronius-gen24-plus-stockage-byd.html","article_modified_time":"2021-09-22T08:37:32+00:00","og_image":[{"url":"http:\/\/images.capenergie.fr\/produit\/photovoltaique\/fronius\/fronius-gen-24-plus-v2.jpg","type":"","width":"","height":""}],"twitter_misc":{"Dur\u00e9e de lecture estim\u00e9e":"4 minutes"},"schema":{"@context":"https:\/\/schema.org","@graph":[{"@type":"WebPage","@id":"http:\/\/dev.capenergie.fr\/catalogue\/photovoltaique\/autoconsommation-photovoltaique\/fronius-gen24-plus-stockage-byd.html","url":"http:\/\/dev.capenergie.fr\/catalogue\/photovoltaique\/autoconsommation-photovoltaique\/fronius-gen24-plus-stockage-byd.html","name":"Distributeur d'onduleur Fronius GEN 24 plus avec stockage BYD","isPartOf":{"@id":"http:\/\/dev.capenergie.fr\/catalogue\/#website"},"primaryImageOfPage":{"@id":"http:\/\/dev.capenergie.fr\/catalogue\/photovoltaique\/autoconsommation-photovoltaique\/fronius-gen24-plus-stockage-byd.html#primaryimage"},"image":{"@id":"http:\/\/dev.capenergie.fr\/catalogue\/photovoltaique\/autoconsommation-photovoltaique\/fronius-gen24-plus-stockage-byd.html#primaryimage"},"thumbnailUrl":"http:\/\/images.capenergie.fr\/produit\/photovoltaique\/fronius\/fronius-gen-24-plus-v2.jpg","datePublished":"2021-09-15T09:33:28+00:00","dateModified":"2021-09-22T08:37:32+00:00","description":"CapEnergie, distributeur d'onduleur photovolta\u00efque Fronius GEN 24 plus avec stockage BYD de type onduleur hybride, propose des solutions","breadcrumb":{"@id":"http:\/\/dev.capenergie.fr\/catalogue\/photovoltaique\/autoconsommation-photovoltaique\/fronius-gen24-plus-stockage-byd.html#breadcrumb"},"inLanguage":"fr-FR","potentialAction":[{"@type":"ReadAction","target":["http:\/\/dev.capenergie.fr\/catalogue\/photovoltaique\/autoconsommation-photovoltaique\/fronius-gen24-plus-stockage-byd.html"]}]},{"@type":"ImageObject","inLanguage":"fr-FR","@id":"http:\/\/dev.capenergie.fr\/catalogue\/photovoltaique\/autoconsommation-photovoltaique\/fronius-gen24-plus-stockage-byd.html#primaryimage","url":"http:\/\/images.capenergie.fr\/produit\/photovoltaique\/fronius\/fronius-gen-24-plus-v2.jpg","contentUrl":"http:\/\/images.capenergie.fr\/produit\/photovoltaique\/fronius\/fronius-gen-24-plus-v2.jpg"},{"@type":"BreadcrumbList","@id":"http:\/\/dev.capenergie.fr\/catalogue\/photovoltaique\/autoconsommation-photovoltaique\/fronius-gen24-plus-stockage-byd.html#breadcrumb","itemListElement":[{"@type":"ListItem","position":1,"name":"Accueil","item":"http:\/\/dev.capenergie.fr\/catalogue\/"},{"@type":"ListItem","position":2,"name":"Distributeur Photovolta\u00efque","item":"http:\/\/dev.capenergie.fr\/catalogue\/photovoltaique.html"},{"@type":"ListItem","position":3,"name":"Autoconsommation photovolta\u00efque","item":"http:\/\/dev.capenergie.fr\/catalogue\/photovoltaique\/autoconsommation-photovoltaique.html"},{"@type":"ListItem","position":4,"name":"Fronius GEN24 plus Stockage BYD"}]},{"@type":"WebSite","@id":"http:\/\/dev.capenergie.fr\/catalogue\/#website","url":"http:\/\/dev.capenergie.fr\/catalogue\/","name":"","description":"","potentialAction":[{"@type":"SearchAction","target":{"@type":"EntryPoint","urlTemplate":"http:\/\/dev.capenergie.fr\/catalogue\/?s={search_term_string}"},"query-input":{"@type":"PropertyValueSpecification","valueRequired":true,"valueName":"search_term_string"}}],"inLanguage":"fr-FR"}]}},"_links":{"self":[{"href":"http:\/\/dev.capenergie.fr\/catalogue\/wp-json\/wp\/v2\/pages\/4643","targetHints":{"allow":["GET"]}}],"collection":[{"href":"http:\/\/dev.capenergie.fr\/catalogue\/wp-json\/wp\/v2\/pages"}],"about":[{"href":"http:\/\/dev.capenergie.fr\/catalogue\/wp-json\/wp\/v2\/types\/page"}],"author":[{"embeddable":true,"href":"http:\/\/dev.capenergie.fr\/catalogue\/wp-json\/wp\/v2\/users\/1"}],"replies":[{"embeddable":true,"href":"http:\/\/dev.capenergie.fr\/catalogue\/wp-json\/wp\/v2\/comments?post=4643"}],"version-history":[{"count":21,"href":"http:\/\/dev.capenergie.fr\/catalogue\/wp-json\/wp\/v2\/pages\/4643\/revisions"}],"predecessor-version":[{"id":4668,"href":"http:\/\/dev.capenergie.fr\/catalogue\/wp-json\/wp\/v2\/pages\/4643\/revisions\/4668"}],"up":[{"embeddable":true,"href":"http:\/\/dev.capenergie.fr\/catalogue\/wp-json\/wp\/v2\/pages\/1305"}],"wp:attachment":[{"href":"http:\/\/dev.capenergie.fr\/catalogue\/wp-json\/wp\/v2\/media?parent=4643"}],"curies":[{"name":"wp","href":"https:\/\/api.w.org\/{rel}","templated":true}]}}